87 is divided by g.
19
Suppose 0 = -3*t - 3*i, 19*t - i + 6 = 22*t. Suppose -2*h - 3*h + 103 = -2*p, -h = t*p - 7. Calculate the remainder when 53 is divided by h.
15
Suppose c = 5*v - 269, 4*c = v - 0*c - 69. What is the remainder when 348 is divided by v?
30
Let d = 799 - 799. Suppose -3*g + 51*b + 212 = 50*b, d = -2*g - b + 138. Calculate the remainder when 138 is divided by g.
68
Let y be (1 + 1)*(70/(-20) - -3). Let k(b) = -27*b**3 - 3*b**2 - 2*b. What is the remainder when 123 is divided by k(y)?
19
Calculate the remainder when (2331/14)/(-7*1 + (-990)/(-132)) is divided by 74.
37
Let z be (6/4)/(9/4824*12). Suppose 0 = 63*f - z*f + 88. What is the remainder when 106 is divided by f?
18
Let u(d) = -d**3 + 22*d**2 + 52*d + 65. Calculate the remainder when u(24) is divided by (-402)/(-30) + 12/20.
7
Let s = -2274 - -6946. Calculate the remainder when s is divided by 187.
184
Suppose 7*h - 13 = 6*h. Calculate the remainder when 29 is divided by h + -1 - 28/(-6 - -13).
5
Let g be 2/((-7)/((-203)/2)). Let b = -25 + g. Suppose -b*y = -0*a + 2*a - 12, -57 = -5*a - y. What is the remainder when 81 is divided by a?
9
Suppose 35450 + 81750 = 136*h - 296240. What is the remainder when h is divided by 6?
4
Let w = 3960 - 3354. What is the remainder when w is divided by 88?
78
What is the remainder when ((-12)/(-5))/(544/61200) is divided by 13?
10
Let d(m) = -m**3 + m**2 + 7*m + 2. Let r be d(4). Let x = 102 + -70. Let a = x + r. Calculate the remainder when 48 is divided by a.
6
Suppose 1 = -r, 2*p = r - 2 + 13. Suppose 2*i + 5*a - 1452 = -2*i, -p*i + 1802 = 3*a. What is the remainder when i is divided by 60?
58
Suppose 4*k = -0*k + 8. Suppose 0 = -2*b - o - 0*o + 6, k*o = -2*b + 2. Suppose 5*n - 27 = 168. Calculate the remainder when n is divided by b.
4
Suppose 4*l - 5*g - 3410 = 0, 2*l - 5*g = -9*g + 1718. What is the remainder when l is divided by 26?
23
What is the remainder when (33/(-88))/(9 + (-27873)/3096) is divided by 71?
58
Let r = 352 - -85. Calculate the remainder when r is divided by 45.
32
Suppose 93*k - 144 - 135 = 0. Suppose -2*d - 8 = 2*r, -7 = -5*d - 3*r - 19. Suppose d*p - 9 = -3*p. What is the remainder when p is divided by k?
0
What is the remainder when 2667/33 + 68/374 is divided by 3/(-3) + -4 - -9?
1
Let w = -130176 + 130265. Let g = -15 + 46. What is the remainder when w is divided by g?
27
Suppose 5*o - 5*c - 295 = 0, 4*c - 3*c = -3*o + 165. Calculate the remainder when 695 is divided by o.
23
Suppose 16 = 4*i - 0. Suppose -i*l = -3*l - o - 28, -3*l - 5*o + 84 = 0. Let t = -1141 + 1156. Calculate the remainder when l is divided by t.
13
Let s(x) = 2*x**2 - 3*x - 22. Let l be s(5). Let j(b) = 8*b**2 - 3*b - 1. Calculate the remainder when (7624/(-208) - (-2)/l)*-2 is divided by j(-2).
36
Suppose -7*b + 13*b - 1164 = 0. Let i = b - 116. What is the remainder when i is divided by 28?
22
Let q = 572 - 485. Calculate the remainder when 5479 is divided by q.
85
Suppose 3*t - 2*i = 86, -5*t + 6*t + 2*i = 18. Suppose t*q - 7*q - 304 = 0. What is the remainder when 159 is divided by q?
15
Let f(k) = -11*k**2 - 6*k + 74. Let c(x) = -11*x**2 - 5*x + 72. Let p(w) = 6*c(w) - 7*f(w). What is the remainder when p(5) is divided by 28?
25
Suppose -94 = -d - 53. What is the remainder when 523 is divided by d?
31
Let q(x) = 268*x**2 - 90*x - 27. What is the remainder when q(5) is divided by 75?
73
Let n = 727 + -465. Let r = 16089 + -16067. What is the remainder when n is divided by r?
20
Let h(o) = 12*o - 108. Let j be h(9). Calculate the remainder when 38 is divided by 1 + (1 - (j - 20)).
16
Suppose 3*j - 148 = 14. Let y = j - 54. Suppose y*a = a - 84. What is the remainder when a is divided by 22?
18
Suppose 880*b = 851*b + 1044. Suppose -200 = -5*f - 5*c, 5*f = 2*f - 5*c + 130. What is the remainder when b is divided by f?
1
Suppose b + 15*f = 123 + 629, -5*b + 4*f = -4155. Calculate the remainder when b is divided by 43.
10
Let m(q) = -2*q - 43. Let r be m(-5). Let b be 4 + (-2700)/r + (-2)/(-11). What is the remainder when (-60)/(-4)*b/6 is divided by 12?
11
Suppose b = 4*f - 5024, 3*b = 12 - 0. Suppose 87 + f = 14*p. Calculate the remainder when p is divided by 20.
16
What is the remainder when 934 is divided by (-4)/(-14) - (16 + (-4983)/77)?
3
Suppose -61*f + 4*f + 9234 = 0. Calculate the remainder when f is divided by 149.
13
Suppose 124 = 2*q + 5*r, 4*q + 4*r - 204 = 5*r. Calculate the remainder when 90 is divided by q.
38
Suppose 30 = 4*l - 70. Suppose 23*n - 24*n = -5*m + 8, 5*m + 100 = -5*n. Let j = l + n. What is the remainder when 26 is divided by j?
5
Suppose -4*n = n - 2*h + 2, -3*h + 3 = n. Suppose n = 3*x - 37 - 86. Suppose -38*j = -x*j + 78. Calculate the remainder when j is divided by 17.
9
Suppose 3*c + 165 = 174. Suppose -c*v - 407 = -5*b - 0*b, 59 = b + 5*v. What is the remainder when b is divided by 44?
35
Suppose 0 = v + u - 73, v - 37*u + 42*u = 73. Calculate the remainder when 19198 is divided by v.
72
Suppose 29 = 2*o - 7. Let p(c) = c**2 - 11*c - 12. Let z be p(14). Calculate the remainder when ((-20)/z)/((-4)/426) is divided by o.
17
Calculate the remainder when 78 is divided by (332/1494)/((-2)/(-549)).
17
Let l(z) = z**3 + z**2 + z - 1. Suppose 48*y - 52*y + 244 = 0. Calculate the remainder when y is divided by l(2).
9
Suppose -2*a = -u + 747, -3*u + 5*a + 1104 = -1135. Let g = 1104 - u. Calculate the remainder when g is divided by 28.
25
Let j be 1040/75 + (-4)/(-30). Let m(z) = 24 - j*z - 2*z - 78*z**2 + 80*z**2. What is the remainder when m(10) is divided by 11?
9
Suppose 62*m - 1749 = 57*m + 6*w, 3*w - 1803 = -5*m. Calculate the remainder when m is divided by 27.
6
Let v be (10 + (-13 - -4))*3. Let l be 3 + (-2)/1 + 2. Suppose -4 = -s, -v*s + 52 = l*w - 2*w. What is the remainder when 119 is divided by w?
39
Let u(z) = 9*z + 187. Let y be u(-20). Suppose -a + 114 = 3*p, -a - y + 47 = p. What is the remainder when p is divided by 5?
2
Let u(g) = 27*g - 121. Let r = -246 - -256. Calculate the remainder when u(r) is divided by 50.
49
Suppose -30660 = -122*k + 17*k. What is the remainder when k is divided by 22?
6
Suppose 5*z = -3*p + 1695, 1705 = 77*z - 72*z + p. What is the remainder when z is divided by 98?
48
Suppose 4*j = 2*n - 34, -n + 19*j - 24*j = -31. Calculate the remainder when 561 is divided by n.
15
Suppose 88 - 214 = -6*t. What is the remainder when 922 is divided by t?
19
Let q(h) = h**3 + 13*h**2 + 3*h + 50. Let t be q(-13). Suppose 3*v - t*j = -13*j + 336, -4*j = 0. What is the remainder when v is divided by 23?
20
Let n = 143 - 412. Let r = n + 295. What is the remainder when 103 is divided by r?
25
Let k(s) be the second derivative of s**3/6 + 7*s**2 - 40*s. What is the remainder when k(6) is divided by 10?
0
Let d = -81 + 116. Let p = -14 + d. Suppose -3*i + 66 = -w, -5*w - p = -i + 15. What is the remainder when i is divided by 11?
10
Let o = -65 - -97. Let h = 83 - o. Let k = 2469 - 2460. What is the remainder when h is divided by k?
6
Suppose -221 = -o - 3*t, -59*t = o - 63*t - 235. Calculate the remainder when 236 is divided by o.
9
Suppose -358*b = -386*b + 8176. What is the remainder when b is divided by 43?
34
Let g(i) = -80*i - 1. Let q be 220/(-15)*(-162)/12. Calculate the remainder when g(-2) is divided by 86/215 - q/(-5).
39
Suppose -3*p + 3*u - u - 176 = 0, 5*p + 290 = 5*u. Let s = -19 - p. Calculate the remainder when s is divided by 3.
2
Suppose 2 = -5*p - 107*q + 111*q, -3*q = -2*p - 5. What is the remainder when p is divided by 2/(-5) - 24/(-10)?
0
Suppose x + 2*l + 0*l - 23 = 0, 4*x = -l + 57. Let s = x - 7. Suppose s = -2*t + 64. What is the remainder when 114 is divided by t?
27
Let w(k) = -k**2 - 14*k + 19. Let z(s) = -4*s**2 + 11*s + 36. Let t be z(5). Calculate the remainder when w(t) is divided by 14.
8
Let g(l) = -13*l + 49 + l**3 - 3*l - 75 + 61*l**2 - 51*l**2. Suppose -2*w - 2 = -5*u, 3*u - 32 = -4*w + 8*w. What is the remainder when g(w) is divided by 20?
9
Let n = 5159 + -5151. What is the remainder when 858 is divided by n?
2
Let i be ((-30)/(-80)*8)/((-6)/(-782)). Suppose -2*n + i - 45 = 0. What is the remainder when n is divided by 59?
55
Suppose -5*s = -d - 3 - 18, 5*d + 5*s + 15 = 0. Suppose 2*q - 2*g - g = 70, -4*g = 0. What is the remainder when 